{"id":79,"date":"2025-03-23T19:17:31","date_gmt":"2025-03-23T19:17:31","guid":{"rendered":"https:\/\/sibm.com.br\/corajosos\/?page_id=79"},"modified":"2025-03-23T19:45:47","modified_gmt":"2025-03-23T19:45:47","slug":"grupo-whatsapp-filme-corajosos","status":"publish","type":"page","link":"https:\/\/sibm.com.br\/corajosos\/grupo-whatsapp-filme-corajosos\/","title":{"rendered":"Grupo Whatsapp Filme Corajosos"},"content":{"rendered":"\t\t<div data-elementor-type=\"wp-page\" data-elementor-id=\"79\" class=\"elementor elementor-79\" data-elementor-post-type=\"page\">\n\t\t\t\t<div class=\"elementor-element elementor-element-07369fd e-flex e-con-boxed e-con e-parent\" data-id=\"07369fd\" data-element_type=\"container\" data-settings=\"{&quot;background_background&quot;:&quot;classic&quot;}\">\n\t\t\t\t\t<div class=\"e-con-inner\">\n\t\t\t\t<div class=\"elementor-element elementor-element-60a22c1 elementor-widget elementor-widget-heading\" data-id=\"60a22c1\" data-element_type=\"widget\" data-widget_type=\"heading.default\">\n\t\t\t\t<div class=\"elementor-widget-container\">\n\t\t\t\t\t<h2 class=\"elementor-heading-title elementor-size-default\">VOC\u00ca EST\u00c1 QUASE L\u00c1!<\/BR><\/BR>\n\nSIGA \u00c0S ETAPAS ABAIXO<\/h2>\t\t\t\t<\/div>\n\t\t\t\t<\/div>\n\t\t\t\t\t<\/div>\n\t\t\t\t<\/div>\n\t\t<div class=\"elementor-element elementor-element-2cf0ab9 e-flex e-con-boxed e-con e-parent\" data-id=\"2cf0ab9\" data-element_type=\"container\" data-settings=\"{&quot;background_background&quot;:&quot;classic&quot;}\">\n\t\t\t\t\t<div class=\"e-con-inner\">\n\t\t<div class=\"elementor-element elementor-element-62dc0cb e-con-full animated-slow e-flex elementor-invisible e-con e-child\" data-id=\"62dc0cb\" data-element_type=\"container\" data-settings=\"{&quot;background_background&quot;:&quot;classic&quot;,&quot;animation&quot;:&quot;fadeIn&quot;}\">\n\t\t\t\t<div class=\"elementor-element elementor-element-73f0fa1 elementor-widget elementor-widget-image\" data-id=\"73f0fa1\" data-element_type=\"widget\" data-widget_type=\"image.default\">\n\t\t\t\t<div class=\"elementor-widget-container\">\n\t\t\t\t\t\t\t\t\t\t\t\t\t\t\t<img decoding=\"async\" width=\"96\" height=\"96\" src=\"https:\/\/sibm.com.br\/corajosos\/wp-content\/uploads\/2025\/03\/icons8-1-c-96.png\" class=\"attachment-large size-large wp-image-82\" alt=\"\" \/>\t\t\t\t\t\t\t\t\t\t\t\t\t\t\t<\/div>\n\t\t\t\t<\/div>\n\t\t\t\t<div class=\"elementor-element elementor-element-de71ed2 elementor-widget elementor-widget-heading\" data-id=\"de71ed2\" data-element_type=\"widget\" data-widget_type=\"heading.default\">\n\t\t\t\t<div class=\"elementor-widget-container\">\n\t\t\t\t\t<h2 class=\"elementor-heading-title elementor-size-default\">ENTRE NO GRUPO DO WHATSAPP<\/h2>\t\t\t\t<\/div>\n\t\t\t\t<\/div>\n\t\t\t\t<div class=\"elementor-element elementor-element-e17a216 elementor-widget elementor-widget-heading\" data-id=\"e17a216\" data-element_type=\"widget\" data-widget_type=\"heading.default\">\n\t\t\t\t<div class=\"elementor-widget-container\">\n\t\t\t\t\t<h2 class=\"elementor-heading-title elementor-size-default\">Fique por dentro de todas as informa\u00e7\u00f5es sobre o evento!<\/h2>\t\t\t\t<\/div>\n\t\t\t\t<\/div>\n\t\t\t\t<div class=\"elementor-element elementor-element-8ff2e2b elementor-align-center devagar elementor-widget elementor-widget-button\" data-id=\"8ff2e2b\" data-element_type=\"widget\" data-widget_type=\"button.default\">\n\t\t\t\t<div class=\"elementor-widget-container\">\n\t\t\t\t\t\t\t\t\t<div class=\"elementor-button-wrapper\">\n\t\t\t\t\t<a class=\"elementor-button elementor-button-link elementor-size-sm elementor-animation-grow\" href=\"https:\/\/chat.whatsapp.com\/DdbCih6gsGI6u01K030QRo\" target=\"_blank\">\n\t\t\t\t\t\t<span class=\"elementor-button-content-wrapper\">\n\t\t\t\t\t\t\t\t\t<span class=\"elementor-button-text\">CLIQUE E ENTRE NO GRUPO<\/span>\n\t\t\t\t\t<\/span>\n\t\t\t\t\t<\/a>\n\t\t\t\t<\/div>\n\t\t\t\t\t\t\t\t<\/div>\n\t\t\t\t<\/div>\n\t\t\t\t<\/div>\n\t\t<div class=\"elementor-element elementor-element-5060287 e-con-full animated-slow e-flex elementor-invisible e-con e-child\" data-id=\"5060287\" data-element_type=\"container\" data-settings=\"{&quot;background_background&quot;:&quot;classic&quot;,&quot;animation&quot;:&quot;fadeIn&quot;}\">\n\t\t\t\t<div class=\"elementor-element elementor-element-e92996e elementor-widget elementor-widget-image\" data-id=\"e92996e\" data-element_type=\"widget\" data-widget_type=\"image.default\">\n\t\t\t\t<div class=\"elementor-widget-container\">\n\t\t\t\t\t\t\t\t\t\t\t\t\t\t\t<img decoding=\"async\" width=\"96\" height=\"96\" src=\"https:\/\/sibm.com.br\/corajosos\/wp-content\/uploads\/2025\/03\/icons8-2-c-96.png\" class=\"attachment-large size-large wp-image-83\" alt=\"\" \/>\t\t\t\t\t\t\t\t\t\t\t\t\t\t\t<\/div>\n\t\t\t\t<\/div>\n\t\t\t\t<div class=\"elementor-element elementor-element-d67dc21 elementor-widget elementor-widget-heading\" data-id=\"d67dc21\" data-element_type=\"widget\" data-widget_type=\"heading.default\">\n\t\t\t\t<div class=\"elementor-widget-container\">\n\t\t\t\t\t<h2 class=\"elementor-heading-title elementor-size-default\">COMPRE AGORA O SEU INGRESSO<\/h2>\t\t\t\t<\/div>\n\t\t\t\t<\/div>\n\t\t\t\t<div class=\"elementor-element elementor-element-43ccff8 elementor-widget elementor-widget-heading\" data-id=\"43ccff8\" data-element_type=\"widget\" data-widget_type=\"heading.default\">\n\t\t\t\t<div class=\"elementor-widget-container\">\n\t\t\t\t\t<h2 class=\"elementor-heading-title elementor-size-default\">Vagas limitadas. Evento exclusivo para homens. Corre e garanta o seu!<\/h2>\t\t\t\t<\/div>\n\t\t\t\t<\/div>\n\t\t\t\t<div class=\"elementor-element elementor-element-2a22cd7 elementor-align-center devagar elementor-widget elementor-widget-button\" data-id=\"2a22cd7\" data-element_type=\"widget\" data-widget_type=\"button.default\">\n\t\t\t\t<div class=\"elementor-widget-container\">\n\t\t\t\t\t\t\t\t\t<div class=\"elementor-button-wrapper\">\n\t\t\t\t\t<a class=\"elementor-button elementor-button-link elementor-size-sm elementor-animation-grow\" href=\"https:\/\/ingresso.sibm.com.br\/ingresso\/cinema-filme-corajosos-encontro-de-homens\/\" target=\"_blank\">\n\t\t\t\t\t\t<span class=\"elementor-button-content-wrapper\">\n\t\t\t\t\t\t\t\t\t<span class=\"elementor-button-text\">COMPRAR MEU INGRESSO<\/span>\n\t\t\t\t\t<\/span>\n\t\t\t\t\t<\/a>\n\t\t\t\t<\/div>\n\t\t\t\t\t\t\t\t<\/div>\n\t\t\t\t<\/div>\n\t\t\t\t<\/div>\n\t\t\t\t\t<\/div>\n\t\t\t\t<\/div>\n\t\t<div class=\"elementor-element elementor-element-a3821ce e-flex e-con-boxed e-con e-parent\" data-id=\"a3821ce\" data-element_type=\"container\">\n\t\t\t\t\t<div class=\"e-con-inner\">\n\t\t\t\t<div class=\"elementor-element elementor-element-426255f elementor-widget elementor-widget-heading\" data-id=\"426255f\" data-element_type=\"widget\" data-widget_type=\"heading.default\">\n\t\t\t\t<div class=\"elementor-widget-container\">\n\t\t\t\t\t<h2 class=\"elementor-heading-title elementor-size-default\">Este evento n\u00e3o \u00e9 apenas um filme, mas um chamado para se tornar um homem mais forte, \u00edntegro e preparado para sua miss\u00e3o na vida.<br><br>\n<img decoding=\"async\" role=\"img\" class=\"emoji\" alt=\"\ud83d\udce2\" src=\"https:\/\/s.w.org\/images\/core\/emoji\/15.0.3\/svg\/1f4e2.svg\"> N\u00e3o fique de fora! Convide seus amigos, colegas de trabalho e familiares para viverem essa experi\u00eancia transformadora juntos.<\/h2>\t\t\t\t<\/div>\n\t\t\t\t<\/div>\n\t\t\t\t<div class=\"elementor-element elementor-element-ed167d9 elementor-widget elementor-widget-image\" data-id=\"ed167d9\" data-element_type=\"widget\" data-widget_type=\"image.default\">\n\t\t\t\t<div class=\"elementor-widget-container\">\n\t\t\t\t\t\t\t\t\t\t\t\t\t\t\t<img fetchpriority=\"high\" decoding=\"async\" width=\"960\" height=\"540\" src=\"https:\/\/sibm.com.br\/corajosos\/wp-content\/uploads\/2025\/03\/BANNER-SIBM-1.png\" class=\"attachment-full size-full wp-image-16\" alt=\"\" srcset=\"https:\/\/sibm.com.br\/corajosos\/wp-content\/uploads\/2025\/03\/BANNER-SIBM-1.png 960w, https:\/\/sibm.com.br\/corajosos\/wp-content\/uploads\/2025\/03\/BANNER-SIBM-1-300x169.png 300w, https:\/\/sibm.com.br\/corajosos\/wp-content\/uploads\/2025\/03\/BANNER-SIBM-1-768x432.png 768w\" sizes=\"(max-width: 960px) 100vw, 960px\" \/>\t\t\t\t\t\t\t\t\t\t\t\t\t\t\t<\/div>\n\t\t\t\t<\/div>\n\t\t<div class=\"elementor-element elementor-element-0476e71 e-con-full e-flex e-con e-child\" data-id=\"0476e71\" data-element_type=\"container\">\n\t\t<div class=\"elementor-element elementor-element-92ce58f e-con-full e-flex e-con e-child\" data-id=\"92ce58f\" data-element_type=\"container\">\n\t\t\t\t<div class=\"elementor-element elementor-element-0711d12 elementor-widget elementor-widget-heading\" data-id=\"0711d12\" data-element_type=\"widget\" data-widget_type=\"heading.default\">\n\t\t\t\t<div class=\"elementor-widget-container\">\n\t\t\t\t\t<h2 class=\"elementor-heading-title elementor-size-default\">SEGUNDA IGREJA BATISTA MOSSOR\u00d3 - 2025 - TODOS OS DIREITOS RESERVADOS<\/h2>\t\t\t\t<\/div>\n\t\t\t\t<\/div>\n\t\t\t\t<\/div>\n\t\t<div class=\"elementor-element elementor-element-e471e4e e-con-full e-flex e-con e-child\" data-id=\"e471e4e\" data-element_type=\"container\">\n\t\t\t\t<div class=\"elementor-element elementor-element-9da568f elementor-widget elementor-widget-image\" data-id=\"9da568f\" data-element_type=\"widget\" data-widget_type=\"image.default\">\n\t\t\t\t<div class=\"elementor-widget-container\">\n\t\t\t\t\t\t\t\t\t\t\t\t\t\t\t\t<a href=\"https:\/\/empreendexpert.com.br\/\" target=\"_blank\">\n\t\t\t\t\t\t\t<img loading=\"lazy\" decoding=\"async\" width=\"800\" height=\"311\" src=\"https:\/\/sibm.com.br\/corajosos\/wp-content\/uploads\/2025\/03\/1-1024x398.png\" class=\"attachment-large size-large wp-image-66\" alt=\"\" srcset=\"https:\/\/sibm.com.br\/corajosos\/wp-content\/uploads\/2025\/03\/1-1024x398.png 1024w, https:\/\/sibm.com.br\/corajosos\/wp-content\/uploads\/2025\/03\/1-300x117.png 300w, https:\/\/sibm.com.br\/corajosos\/wp-content\/uploads\/2025\/03\/1-768x299.png 768w, https:\/\/sibm.com.br\/corajosos\/wp-content\/uploads\/2025\/03\/1-1536x597.png 1536w, https:\/\/sibm.com.br\/corajosos\/wp-content\/uploads\/2025\/03\/1.png 1800w\" sizes=\"(max-width: 800px) 100vw, 800px\" \/>\t\t\t\t\t\t\t\t<\/a>\n\t\t\t\t\t\t\t\t\t\t\t\t\t\t\t<\/div>\n\t\t\t\t<\/div>\n\t\t\t\t<\/div>\n\t\t\t\t<\/div>\n\t\t\t\t\t<\/div>\n\t\t\t\t<\/div>\n\t\t\t\t<\/div>\n\t\t","protected":false},"excerpt":{"rendered":"<p>VOC\u00ca EST\u00c1 QUASE L\u00c1! SIGA \u00c0S ETAPAS ABAIXO ENTRE NO GRUPO DO WHATSAPP Fique por dentro de todas as informa\u00e7\u00f5es sobre o evento! CLIQUE E ENTRE NO GRUPO COMPRE AGORA O SEU INGRESSO Vagas limitadas. Evento exclusivo para homens. Corre e garanta o seu! COMPRAR MEU INGRESSO Este evento n\u00e3o \u00e9 apenas um filme, mas [&hellip;]<\/p>\n","protected":false},"author":1,"featured_media":0,"parent":0,"menu_order":0,"comment_status":"closed","ping_status":"closed","template":"elementor_canvas","meta":{"footnotes":""},"class_list":["post-79","page","type-page","status-publish","hentry"],"_links":{"self":[{"href":"https:\/\/sibm.com.br\/corajosos\/wp-json\/wp\/v2\/pages\/79","targetHints":{"allow":["GET"]}}],"collection":[{"href":"https:\/\/sibm.com.br\/corajosos\/wp-json\/wp\/v2\/pages"}],"about":[{"href":"https:\/\/sibm.com.br\/corajosos\/wp-json\/wp\/v2\/types\/page"}],"author":[{"embeddable":true,"href":"https:\/\/sibm.com.br\/corajosos\/wp-json\/wp\/v2\/users\/1"}],"replies":[{"embeddable":true,"href":"https:\/\/sibm.com.br\/corajosos\/wp-json\/wp\/v2\/comments?post=79"}],"version-history":[{"count":7,"href":"https:\/\/sibm.com.br\/corajosos\/wp-json\/wp\/v2\/pages\/79\/revisions"}],"predecessor-version":[{"id":89,"href":"https:\/\/sibm.com.br\/corajosos\/wp-json\/wp\/v2\/pages\/79\/revisions\/89"}],"wp:attachment":[{"href":"https:\/\/sibm.com.br\/corajosos\/wp-json\/wp\/v2\/media?parent=79"}],"curies":[{"name":"wp","href":"https:\/\/api.w.org\/{rel}","templated":true}]}}